Suppose b = 4*y + 85, -3*b - 4*y + 77 = -2*b. Calculate the greatest common factor of b and v.
27
Suppose 42*l = 5*q + 49*l - 82, q = -2*l + 17. What is the highest common divisor of q and 7845?
15
Suppose 2*n - 4 = 6*g - 4*g, -5*n - 3*g = -10. Let s be (n/6)/((-6)/(-18)) - -7. Calculate the highest common factor of s and 200.
8
Suppose -504*o + 4601 + 7495 = 0. Calculate the greatest common divisor of 42168 and o.
24
Let a = 21412 + -13952. Calculate the greatest common factor of a and 20.
20
Let o be (6/9)/(2*(-5)/(-22140)). What is the greatest common factor of o and 4?
4
Let q = -8 + -3. Let k = -7 - q. Suppose -p - 9667 = -9703. What is the highest common factor of k and p?
4
Let p = -134 + 113. Let w be (-2 - 16)/((-6)/p + 0). Let m be (-9)/(w/(-14))*38/(-4). What is the greatest common divisor of 76 and m?
19
Suppose -138*r = -3*k - 131*r + 97, 2*k - 58 = 3*r. Calculate the greatest common divisor of k and 2231.
23
Let o = 8935 - 8903. Calculate the greatest common factor of o and 12368.
16
Let n = 26490 + -13686. Calculate the greatest common factor of 11 and n.
11
Suppose f + 501 = 4*c, 3*c = -88*f + 92*f + 379. Let l be 1 + 0/(-2) - -2. Let q be c - (l + (-5 - -1)). What is the greatest common factor of 14 and q?
14
Let c(i) = -i**3 - 9*i**2 + 5*i - 24. Let b be c(-10). Let g be (b - 13) + (5 - 0). What is the greatest common divisor of g and 144?
18
Let c = 4 - -25. Suppose -38 = -4*d - 2*j - 6, -5*d + 3*j = -c. Suppose -8*w + d = -497. Calculate the highest common divisor of 7 and w.
7
Suppose 462*n - 451*n = 220. Let v(w) = 5*w**3 + 3*w - 2. Let l be v(1). Calculate the highest common factor of n and l.
2
Suppose -5*y - 7*u = -8*u - 35066, -5*y + 2*u + 35062 = 0. What is the highest common factor of y and 42?
42
Suppose 0 = -n + 5*k + 1224 - 110, 0 = -5*n - k + 5518. Let f be (-1 + (-1254)/(-12))/(261/(-18) + 16). Calculate the highest common divisor of f and n.
69
Let f(r) = 10*r**2 + 66*r + 9. Let u be f(-7). Calculate the highest common divisor of u and 13801.
37
Suppose 2 = -3*m - 4*b, -2*m = -0*m + 2*b - 2. Suppose 20*k + 14 = 254. Calculate the greatest common factor of m and k.
6
Let r = 3 + 7. Let n be -46*(2 + 5) - 1 - -3. Let v be (-1)/(((-36)/n)/(-9)). What is the highest common factor of v and r?
10
Suppose 0 = -5*g + 8*g - 15. Suppose 2*p + g*w = 43 + 9, -4*p - 4*w = -92. Calculate the highest common divisor of 9 and p.
3
Let a = 566 - 561. Suppose -2*y - 50 = 5*m - 8*m, -3*y + 58 = a*m. What is the highest common factor of m and 224?
14
Suppose -4*p + 3*a = -28, 4 = -p - 0*p - 2*a. Let j be 10/4 + p/(-8). Let f be j/(-3*1/(-126)). What is the highest common divisor of 28 and f?
28
Suppose -149285 = -276*v + 632594 + 23765. Calculate the greatest common factor of 21 and v.
21
Let n(m) = 4 - 8 - 30*m - 6*m**2 + 10*m**2. Let c be n(-8). Calculate the greatest common divisor of c and 41.
41
Suppose 19*u - 11*u = 0. Suppose u = 5*o - 43 - 2. What is the greatest common factor of 117 and o?
9
Suppose -3*o = -4*a + o + 476, -5*o + 555 = 5*a. Let p = 70 - 64. Let g be (69/p)/(4/8). What is the highest common divisor of a and g?
23
Let d = 22 + 43. Suppose -7 = -o + l, 0 = -2*o + 3*l + l + 22. Suppose -o*h = -2 - 37. Calculate the greatest common factor of h and d.
13
Suppose -4*u + 22 = -y + 6*y, -u + 4 = 2*y. Let b = -2275 - -2276. Calculate the greatest common factor of b and u.
1
Let p(j) = 9*j**2 - 12*j - 2. Let w be p(-5). Suppose 6*c = -g + c + 158, 0 = 2*g - c - w. What is the highest common factor of 13 and g?
13
Let f(b) = 5*b + 333. Let z be f(-38). Calculate the highest common divisor of z and 1066.
13
Let u = 244 - 250. Let w be -1 + (-320)/u*(-72)/(-15). What is the greatest common factor of 51 and w?
51
Let a(s) = -5*s + 16*s - 10*s + 30. Let v be a(-3). Let t be (0 - 2)/(6/(-81)). Calculate the greatest common divisor of t and v.
27
Suppose 9*b = 13*b - 28. Let z(t) = 3*t - 1. Let l be z(b). Suppose 75 = a - q, a - 32 = 2*q + 48. What is the highest common factor of l and a?
10
Let b = 2 + 2. Let z be 58/18 + 74/(-333) + -1. Suppose -3*a + 14 = -5*f, -18 = -z*a - 3*f + 2*f. Calculate the highest common factor of b and a.
4
Let k be (-15 + (-14 - -23))*(-3 + 34/(-4)). Calculate the highest common divisor of k and 6.
3
Let k be -3*3*4/18. Let o(r) = 18*r + 523. Let t be o(-27). Let g = t + k. Calculate the greatest common divisor of 140 and g.
35
Let g(v) = -180*v + 2424. Let p be g(13). Calculate the highest common factor of p and 9156.
84
Suppose y = -0*y. Let o = y - -4. Let v be 1/((-10)/(-12) - (-7)/(-6)) + 7. What is the highest common factor of o and v?
4
Let d = 240 + -240. Suppose -354*w + 370*w - 160 = d. Calculate the highest common divisor of 100 and w.
10
Let n(k) = 9*k - 1. Let i be n(1). Suppose -95560 = -98*a + 66153 - 51169. Calculate the greatest common divisor of i and a.
8
Let s be (-21)/14 - (-1 - (1986/4 - 1)). What is the highest common factor of s and 154?
11
Let b = -7190 + 7232. Let z = 34 - 24. Let i = 16 - z. Calculate the greatest common divisor of i and b.
6
Suppose 6*q - 36 = -18. Suppose -2*l + 8 = 0, -q*n + 5*l = l - 14. What is the highest common divisor of 170 and n?
10
Suppose -y + 148529 = 151*y - 274487. Calculate the highest common divisor of y and 121.
121
Let u be (-18)/(-15)*3*10 - -5. Suppose 9*p - 211 = u. What is the highest common divisor of p and 126?
14
Let p = 21 - 22. Let k(g) = -41*g - 5. Let q be k(p). What is the greatest common divisor of 72 and q?
36
Let p be (-40)/(-3)*366/305. Calculate the greatest common factor of 596 and p.
4
Let p = -209 + 435. What is the highest common factor of p and 1469?
113
Let z = 195 - 63. Let h be (-992)/(-10) + (-15)/75. Calculate the greatest common divisor of z and h.
33
Let b be 0/(-1) + 25 + 22625. Let i be (-3)/(-12) - b/(-120). What is the greatest common divisor of 243 and i?
27
Suppose 0 = -m + 548 + 364. Let q be 2268/40 + 11/(-110) + (-4)/(-10). Calculate the greatest common factor of m and q.
57
Let o be (3 + -4 + (-42)/18)*(0 + -24). What is the highest common factor of o and 36?
4
Let b = -22344 - -22986. Calculate the highest common factor of 7811 and b.
107
Let y = 9895 - 9687. Calculate the highest common divisor of 3406 and y.
26
Let a be 231/22*80/24 + 8. What is the highest common divisor of 12169 and a?
43
Let m = -177159 + 177294. Let k = 7 + 13. Calculate the highest common divisor of k and m.
5
Suppose -2 - 3 = -5*p, -5*i + 273 = 3*p. Let a be (65/(-39))/((-1)/3*1). Suppose a*y - 1 = -n, n + 2 = -3*y + 5. Calculate the highest common factor of n and i.
6
Suppose -660 = 438*j - 443*j. Calculate the highest common factor of 54 and j.
6
Let s be 45/27 - 7528/(-12). Let b = s + -609. What is the greatest common divisor of 260 and b?
20
Let m(c) be the second derivative of -c**5/20 - 11*c**4/12 + 16*c**3/3 + 5*c**2/2 + 59*c. Let x be m(-14). Calculate the highest common factor of 58 and x.
29
Let v be -4 + (1 - 5) + 192/3. Let w be (-3)/(-6) + 1342/4. What is the highest common divisor of w and v?
56
Let s be (-1 + 2)/(4*1/428). Let l = s + -90. What is the greatest common factor of 289 and l?
17
Suppose -d + 6607 = -5*f, d + 2*f - 4698 = 1923. Calculate the greatest common divisor of 13 and d.
13
Let v be (-13 - 594/(-45)) + 38157/15. Calculate the greatest common factor of 16 and v.
16
Suppose -56*r - 62*r + 79417 = -105*r. What is the highest common factor of 149 and r?
149
Suppose -21*j - 1488 = -33*j. Let z(i) = 8*i**2 - 2*i + 1. Let w be z(-2). Let t = w + -6. What is the greatest common divisor of j and t?
31
Suppose 2*m - 6 = 5*m. Let d(l) = l + 6. Let s be d(m). Let n be s*1 - (-7 - -3). What is the highest common factor of 12 and n?
4
Let u = 8888 + -8327. What is the greatest common factor of 765 and u?
51
Let j = 106 - 111. Let b = 10 + j. Calculate the greatest common factor of b and 5.
5
Let r be (-12)/(-14) - (-75)/35. Suppose -5*s - 31 = -r*a, 9*s - 5*s = -a - 1. Let d be 2/6 - (-83)/3. Calculate the greatest common factor of a and d.
7
Let h = 882 + -861. Suppose g - 5*g = -4. Let l be (-420)/(-10) - 0/g. Calculate the highest common divisor of l and h.
21
Let l(s) = -24*s**3 - 6*s**2 - 5*s - 3. Let u be l(-2). Suppose u = 5*h - 5*w, 3*h - 3*w + w = 106. What is the greatest common fact